
In base 15, what is 19 - -a?
24
In base 15, what is 2 + -98?
-96
In base 5, what is -431 + -422?
-1403
In base 5, what is 1022 - -32?
1104
In base 5, what is 22 - 1024?
-1002
In base 9, what is -131 - -26?
-104
In base 3, what is -10101011 + -20?
-10101101
In base 11, what is 9 + 2a?
38
In base 5, what is 1 + 342?
343
In base 14, what is 3cb - 2?
3c9
In base 13, what is 9 - -4a1?
4aa
In base 14, what is -455 - -2?
-453
In base 5, what is 11203 - -3?
11211
In base 8, what is -3 + -671?
-674
In base 5, what is -3243 - 3?
-3301
In base 15, what is 10 + -1?
e
In base 13, what is -3 - -3?
0
In base 6, what is 444 + 0?
444
In base 3, what is -102112102 - 0?
-102112102
In base 6, what is -3 + 5014?
5011
In base 11, what is 6a34 + -5?
6a2a
In base 6, what is 11 - 43?
-32
In base 7, what is 5 - 4051?
-4043
In base 8, what is 34 + 13?
47
In base 12, what is -7b - -1?
-7a
In base 14, what is -a9 - 5?
-b0
In base 7, what is -114 + -110?
-224
In base 10, what is -149 + -8?
-157
In base 12, what is 38 + 1?
39
In base 3, what is 0 + -220?
-220
In base 11, what is 14 - -2?
16
In base 7, what is 103 + -102?
1
In base 7, what is -461 - -1?
-460
In base 4, what is -1 - -330313?
330312
In base 4, what is -2101 + 312?
-1123
In base 9, what is 34 - -182?
226
In base 14, what is 1a5 - 4?
1a1
In base 16, what is -5 - 2c1?
-2c6
In base 14, what is 9 - 4?
5
In base 12, what is -3 - 8?
-b
In base 9, what is 103 + 6?
110
In base 5, what is 120 + -3?
112
In base 15, what is -1835 - 1?
-1836
In base 13, what is -91 - -1?
-90
In base 4, what is -22323 + 2?
-22321
In base 7, what is 444 + -305?
136
In base 4, what is 1 - -320?
321
In base 16, what is 3 - -196?
199
In base 13, what is 4 - 6b?
-67
In base 2, what is 10010100010 + -1?
10010100001
In base 5, what is -1 - 101?
-102
In base 4, what is -10332 - 20?
-11012
In base 16, what is 39 - -5?
3e
In base 12, what is 14a - 16?
134
In base 10, what is -4 + -2556?
-2560
In base 10, what is -2 + 66?
64
In base 5, what is 313 - -1?
314
In base 14, what is 11 + 53b?
54c
In base 4, what is 1 + -102102?
-102101
In base 13, what is 5 + 91?
96
In base 3, what is 120121 + 102?
121000
In base 6, what is -123 - 153?
-320
In base 9, what is 1 - 13?
-12
In base 6, what is -3 + -134?
-141
In base 7, what is -23 - -41?
15
In base 12, what is -13 + -79?
-90
In base 4, what is 2301 - -3?
2310
In base 3, what is -21102200 - -2?
-21102121
In base 16, what is -a2 + -5?
-a7
In base 15, what is a - 10?
-5
In base 12, what is -2 + -159b?
-15a1
In base 4, what is -21021 - 3?
-21030
In base 10, what is -13014 + 5?
-13009
In base 12, what is 4 + 1505?
1509
In base 9, what is 4 - -127?
132
In base 12, what is -27 - 524?
-54b
In base 14, what is -21 + 2d?
c
In base 16, what is f76 + -3?
f73
In base 16, what is 2 - -12e?
130
In base 16, what is 3 - -191?
194
In base 13, what is 26 - 1?
25
In base 12, what is -20 + 82?
62
In base 16, what is -c - -31?
25
In base 13, what is 22 + -b9?
-97
In base 14, what is -9d + -3?
-a2
In base 6, what is 2024 - 114?
1510
In base 13, what is -1c + -2?
-21
In base 2, what is -101 + -101101?
-110010
In base 5, what is 41 + -31?
10
In base 13, what is 21c - 3?
219
In base 6, what is 0 - 3514?
-3514
In base 14, what is 39d + 2?
3a1
In base 5, what is -2 - -10241?
10234
In base 13, what is b + 2?
10
In base 2, what is -1110111100000 + 10?
-1110111011110
In base 14, what is 98 + -9?
8d
In base 5, what is 13141 - 11?
13130
In base 11, what is -94 + -2?
-96
In base 6, what is -2310 + 3?
-2303
In base 16, what is 5 - 765?
-760
In base 8, what is -42 - 3?
-45
In base 8, what is 6 - -132?
140
In base 14, what is -5 + -1a?
-21
In base 15, what is -3d8 - 3?
-3db
In base 5, what is 14 - -1340?
1404
In base 2, what is -1111111 + 100?
-1111011
In base 6, what is -3 + 3230?
3223
In base 3, what is 12 + 211121?
211210
In base 13, what is -53 + -3?
-56
In base 2, what is 101 - 111?
-10
In base 7, what is -13 + 4560?
4544
In base 2, what is -110011010 + -10?
-110011100
In base 2, what is 1111 - -11011000?
11100111
In base 9, what is -24244 - 5?
-24250
In base 4, what is -1212 - 12?
-1230
In base 12, what is -6 - -11?
7
In base 2, what is 101 - 111110?
-111001
In base 15, what is -1 - a74?
-a75
In base 12, what is a74 - 1?
a73
In base 6, what is -2210 + 153?
-2013
In base 5, what is -14312 - -24?
-14233
In base 5, what is 21313 + 10?
21323
In base 9, what is 1 - -363?
364
In base 4, what is 1132 + 101?
1233
In base 9, what is 4 + -106?
-102
In base 2, what is 1110 - -101101?
111011
In base 16, what is 34 - 7e?
-4a
In base 10, what is 12 - -266?
278
In base 6, what is 32043 - -5?
32052
In base 11, what is -138 + -3?
-140
In base 16, what is -3 - 580?
-583
In base 13, what is -1 + -360?
-361
In base 9, what is -8 - -2611?
2602
In base 9, what is -6 - -602?
585
In base 6, what is 144 - -22?
210
In base 2, what is 11000010 + 1?
11000011
In base 13, what is -7cc + c?
-7c0
In base 13, what is -7650 + -4?
-7654
In base 15, what is 3 - -21?
24
In base 7, what is 10 - 1430?
-1420
In base 13, what is -506 - -4?
-502
In base 5, what is -34 - 243?
-332
In base 9, what is 3 - -61?
64
In base 12, what is -3 + -28?
-2b
In base 10, what is -1667 + 4?
-1663
In base 16, what is -4 + 79?
75
In base 7, what is -5 + 16350?
16342
In base 16, what is 7 + 48?
4f
In base 7, what is -50460 - -3?
-50454
In base 8, what is 3 + -74?
-71
In base 7, what is -5 - 1?
-6
In base 10, what is 440 - -5?
445
In base 13, what is 12 + -19?
-7
In base 16, what is 4c5 - -3?
4c8
In base 7, what is 6 - -152?
161
In base 12, what is 2 + -1756?
-1754
In base 16, what is 2 + -2a?
-28
In base 11, what is 148 - -18?
165
In base 11, what is -2 - 38a0?
-38a2
In base 9, what is 3 - 746?
-743
In base 16, what is -2 - 283?
-285
In base 3, what is -1112 - -1?
-1111
In base 16, what is -1 - e2?
-e3
In base 6, what is -10 + -20?
-30
In base 12, what is 367 - 10?
357
In base 14, what is 6829 + 4?
682d
In base 15, what is 3 - 31?
-2d
In base 6, what is -35 - 112?
-151
In base 10, what is -1 + 1306?
1305
In base 9, what is 17 - 24?
-6
In base 13, what is -36a + 1?
-369
In base 2, what is 1000 - 100100011?
-100011011
In base 8, what is -2150 + 0?
-2150
In base 15, what is 9 + 2?
b
In base 3, what is -202021 - 21?
-202112
In base 3, what is -102 - -201011?
200202
In base 15, what is 30 - -1b?
4b
In base 2, what is 1 + 101010010?
101010011
In base 14, what is -62 - 1?
-63
In base 12, what is 3 - 1545?
-1542
In base 6, what is -4 - 240?
-244
In base 9, what is -10 + 86?
76
In base 6, what is 4240 + -3?
4233
In base 14, what is 2 - -63b?
63d
In base 6, what is -43 + 25?
-14
In base 7, what is -4 - -3?
-1
In base 8, what is 332 + 2?
334
In base 16, what is -399a - 2?
-399c
In base 8, what is -106 + -6?
-114
In base 5, what is -2 - -24143?
24141
In base 14, what is 27 + 1?
28
In base 2, what is -10011000001 - 10?
-10011000011
In base 11, what is -42 + 8?
-35
In base 11, what is -5 - 116?
-120
In base 16, what is -29 + -89?
-b2
In base 8, what is -1 - 124?
-125
In base 11, what is -8 + -14?
-21
In base 4, what is 103 + 2?
111
In base 11, what is -3 - -24a?
247
In base 8, what is -123 + 1?
-122
In base 7, what is -5360 - -4?
-5353
In base 2, what is 110101 - 0?
110101
In base 11, what is -1a - 37?
-56
In base 9, what is -108 + 34?
-64
In base 10, what is -6 - -107?
101
In base 4, what is -221010 + 2?
-221002
In base 4, what is 12133 + 11?
12210
In base 4, what is -1311 + -10?
-1321
In base 4, what is 1000 + -1011?
-11
In base 16, what is -27c - 2?
-27e
In base 14, what is 40 - 1c?
22
In base 7, what is 0 - 32246?
-32246
In base 5, what is 2 - 220?
-213
In base 4, what is -2332 - -11?
-2321
In base 12, what is -2 - a00?
-a02
In base 15, what is -87 + -4?
-8b
In base 16, what is 39e8 - -2?
39ea
In base 10, what is 1892 + 6?
1898
In base 5, what is 333 - 124?
204
In base 4, what is 13003 + -11?
12332
In base 10, what is 400 + -1?
399
In base 12, what is 70 + -50?
20
In base 10, what is -89 - 23?
-112
In base 12, what is -1 + -894?
-895
In base 10, what is 4 - -10?
14
In base 12, what is 4403 - -3?
4406
In base 14, what is 1 - 86?
-85
In base 11, what is 0 - -9a?
9a
In base 6, what is 130 - 22?
104
In base 15, what is -21 + 4c?
2b
In base 7, what is -12361 + 1?
-12360
In base 2, what is -100000 - 110101?
-10